{"id":379,"date":"2020-04-24T16:10:48","date_gmt":"2020-04-24T14:10:48","guid":{"rendered":"http:\/\/calvaire-hugo.net\/?page_id=379"},"modified":"2024-07-04T16:53:08","modified_gmt":"2024-07-04T14:53:08","slug":"patchwork","status":"publish","type":"page","link":"http:\/\/calvaire-hugo.net\/?page_id=379","title":{"rendered":"Patchwork et jeu d&rsquo;aiguilles"},"content":{"rendered":"\n<figure class=\"wp-block-image size-large\"><img loading=\"lazy\" width=\"964\" height=\"723\" src=\"http:\/\/calvaire-hugo.net\/wp-content\/uploads\/2020\/05\/IMG_0156-964x723.jpg\" alt=\"\" class=\"wp-image-2605\" srcset=\"http:\/\/calvaire-hugo.net\/wp-content\/uploads\/2020\/05\/IMG_0156-964x723.jpg 964w, http:\/\/calvaire-hugo.net\/wp-content\/uploads\/2020\/05\/IMG_0156-300x225.jpg 300w, http:\/\/calvaire-hugo.net\/wp-content\/uploads\/2020\/05\/IMG_0156-768x576.jpg 768w, http:\/\/calvaire-hugo.net\/wp-content\/uploads\/2020\/05\/IMG_0156-1536x1152.jpg 1536w, http:\/\/calvaire-hugo.net\/wp-content\/uploads\/2020\/05\/IMG_0156-2048x1536.jpg 2048w\" sizes=\"(max-width: 964px) 100vw, 964px\" \/><\/figure>\n\n\n\n<p class=\"has-background\" style=\"background-color:#edd17e\"><strong>O\u00f9 ?<\/strong> &#8211; Dans les locaux du Comit\u00e9.<\/p>\n\n\n\n<p class=\"has-background\" style=\"background-color:#72c8ed\"><strong>Quand ?<\/strong> &#8211; Lundi de 14h \u00e0 17h.<\/p>\n\n\n\n<p class=\"has-background\" style=\"background-color:#f49879\"><strong>Combien ?<\/strong> &#8211; 13 euros pour l&rsquo;ann\u00e9e.<\/p>\n","protected":false},"excerpt":{"rendered":"<p>O\u00f9 ? &#8211; Dans les locaux du Comit\u00e9. Quand ? &#8211; Lundi de 14h \u00e0 17h. Combien ? &#8211; 13 euros pour l&rsquo;ann\u00e9e.<\/p>\n","protected":false},"author":1,"featured_media":0,"parent":0,"menu_order":0,"comment_status":"closed","ping_status":"closed","template":"","meta":[],"_links":{"self":[{"href":"http:\/\/calvaire-hugo.net\/index.php?rest_route=\/wp\/v2\/pages\/379"}],"collection":[{"href":"http:\/\/calvaire-hugo.net\/index.php?rest_route=\/wp\/v2\/pages"}],"about":[{"href":"http:\/\/calvaire-hugo.net\/index.php?rest_route=\/wp\/v2\/types\/page"}],"author":[{"embeddable":true,"href":"http:\/\/calvaire-hugo.net\/index.php?rest_route=\/wp\/v2\/users\/1"}],"replies":[{"embeddable":true,"href":"http:\/\/calvaire-hugo.net\/index.php?rest_route=%2Fwp%2Fv2%2Fcomments&post=379"}],"version-history":[{"count":7,"href":"http:\/\/calvaire-hugo.net\/index.php?rest_route=\/wp\/v2\/pages\/379\/revisions"}],"predecessor-version":[{"id":4636,"href":"http:\/\/calvaire-hugo.net\/index.php?rest_route=\/wp\/v2\/pages\/379\/revisions\/4636"}],"wp:attachment":[{"href":"http:\/\/calvaire-hugo.net\/index.php?rest_route=%2Fwp%2Fv2%2Fmedia&parent=379"}],"curies":[{"name":"wp","href":"https:\/\/api.w.org\/{rel}","templated":true}]}}