{"id":367,"date":"2020-04-24T16:05:26","date_gmt":"2020-04-24T14:05:26","guid":{"rendered":"http:\/\/calvaire-hugo.net\/?page_id=367"},"modified":"2020-06-25T17:01:59","modified_gmt":"2020-06-25T15:01:59","slug":"regard-sur-la-peinture","status":"publish","type":"page","link":"http:\/\/calvaire-hugo.net\/?page_id=367","title":{"rendered":"Regards sur la peinture"},"content":{"rendered":"\n<figure class=\"wp-block-image size-large\"><img loading=\"lazy\" width=\"948\" height=\"473\" src=\"http:\/\/calvaire-hugo.net\/wp-content\/uploads\/2020\/05\/peintres-3.jpg\" alt=\"\" class=\"wp-image-3618\" srcset=\"http:\/\/calvaire-hugo.net\/wp-content\/uploads\/2020\/05\/peintres-3.jpg 948w, http:\/\/calvaire-hugo.net\/wp-content\/uploads\/2020\/05\/peintres-3-300x150.jpg 300w, http:\/\/calvaire-hugo.net\/wp-content\/uploads\/2020\/05\/peintres-3-768x383.jpg 768w\" sizes=\"(max-width: 948px) 100vw, 948px\" \/><figcaption>en haut : Botticelli, C\u00e9zanne, de Vinci, Degas, Delacroix, El Gr\u00e9co<br>au milieu : Gaugin, Goya, Manet, Monet, Picasso, Rembrandt<br>en bas : Renoir, Rubens, Turner, Van Gogh, Velazquez, Vermeer.<br><\/figcaption><\/figure>\n\n\n\n<p>Pr\u00e9sentations de peintres \u00e0 partir de vid\u00e9os. Chaque s\u00e9ance est consacr\u00e9e \u00e0 un peintre en particulier.<\/p>\n\n\n\n<p>Depuis 7 ans, diverses \u00e9poques de l&rsquo;histoire de la peinture ont \u00e9t\u00e9 balay\u00e9es, depuis Lascaux et les peintres de l&rsquo;Antiquit\u00e9 jusqu&rsquo;aux impressionnistes et aux modernes, en passant par le si\u00e8cle d&rsquo;or, les romantiques, la Renaissance italienne, etc.<\/p>\n\n\n\n<p>Par ailleurs, ces \u00ab\u00a0Regards sur le peinture\u00a0\u00bb s&rsquo;ouvrent sur l&rsquo;actualit\u00e9 en pr\u00e9sentant certaines grandes expositions qui se tiennent \u00e0 Paris ou en province.<\/p>\n\n\n\n<p style=\"background-color:#90f0b4\" class=\"has-background\"><strong>O\u00f9 ?<\/strong> &#8211; Dans les locaux du Comit\u00e9.<\/p>\n\n\n\n<p style=\"background-color:#f2c993\" class=\"has-background\"><strong>Quand ?<\/strong> &#8211; Une fois par mois \u00e0 17h15.<\/p>\n\n\n\n<p style=\"background-color:#bf92f2\" class=\"has-background\"><strong>Combien ? <\/strong>&#8211;  2 euros \u00e0 la s\u00e9ance.<\/p>\n","protected":false},"excerpt":{"rendered":"<p>Pr\u00e9sentations de peintres \u00e0 partir de vid\u00e9os. Chaque s\u00e9ance est consacr\u00e9e \u00e0 un peintre en particulier. Depuis 7 ans, diverses \u00e9poques de l&rsquo;histoire de la peinture ont \u00e9t\u00e9 balay\u00e9es, depuis Lascaux et les peintres de l&rsquo;Antiquit\u00e9 jusqu&rsquo;aux impressionnistes et aux modernes, en passant par le si\u00e8cle d&rsquo;or, les romantiques, la Renaissance italienne, etc. Par ailleurs, &hellip; <a href=\"http:\/\/calvaire-hugo.net\/?page_id=367\" class=\"more-link\">Continuer la lecture de <span class=\"screen-reader-text\">Regards sur la peinture<\/span> <span class=\"meta-nav\">&rarr;<\/span><\/a><\/p>\n","protected":false},"author":1,"featured_media":0,"parent":0,"menu_order":0,"comment_status":"closed","ping_status":"closed","template":"","meta":[],"_links":{"self":[{"href":"http:\/\/calvaire-hugo.net\/index.php?rest_route=\/wp\/v2\/pages\/367"}],"collection":[{"href":"http:\/\/calvaire-hugo.net\/index.php?rest_route=\/wp\/v2\/pages"}],"about":[{"href":"http:\/\/calvaire-hugo.net\/index.php?rest_route=\/wp\/v2\/types\/page"}],"author":[{"embeddable":true,"href":"http:\/\/calvaire-hugo.net\/index.php?rest_route=\/wp\/v2\/users\/1"}],"replies":[{"embeddable":true,"href":"http:\/\/calvaire-hugo.net\/index.php?rest_route=%2Fwp%2Fv2%2Fcomments&post=367"}],"version-history":[{"count":9,"href":"http:\/\/calvaire-hugo.net\/index.php?rest_route=\/wp\/v2\/pages\/367\/revisions"}],"predecessor-version":[{"id":3749,"href":"http:\/\/calvaire-hugo.net\/index.php?rest_route=\/wp\/v2\/pages\/367\/revisions\/3749"}],"wp:attachment":[{"href":"http:\/\/calvaire-hugo.net\/index.php?rest_route=%2Fwp%2Fv2%2Fmedia&parent=367"}],"curies":[{"name":"wp","href":"https:\/\/api.w.org\/{rel}","templated":true}]}}