{"id":3289,"date":"2020-05-10T16:21:44","date_gmt":"2020-05-10T14:21:44","guid":{"rendered":"http:\/\/calvaire-hugo.net\/?page_id=3289"},"modified":"2020-05-11T03:32:29","modified_gmt":"2020-05-11T01:32:29","slug":"tresors-daquitaine-et-pays-toulousain","status":"publish","type":"page","link":"http:\/\/calvaire-hugo.net\/?page_id=3289","title":{"rendered":"2019 -Aquitaine et Pays toulousain"},"content":{"rendered":"\n<figure class=\"wp-block-image size-medium\"><img loading=\"lazy\" width=\"300\" height=\"253\" src=\"http:\/\/calvaire-hugo.net\/wp-content\/uploads\/2020\/05\/ABT-01-300x253.jpg\" alt=\"\" class=\"wp-image-3298\" srcset=\"http:\/\/calvaire-hugo.net\/wp-content\/uploads\/2020\/05\/ABT-01-300x253.jpg 300w, http:\/\/calvaire-hugo.net\/wp-content\/uploads\/2020\/05\/ABT-01-964x812.jpg 964w, http:\/\/calvaire-hugo.net\/wp-content\/uploads\/2020\/05\/ABT-01-768x647.jpg 768w, http:\/\/calvaire-hugo.net\/wp-content\/uploads\/2020\/05\/ABT-01-1536x1294.jpg 1536w, http:\/\/calvaire-hugo.net\/wp-content\/uploads\/2020\/05\/ABT-01-2048x1725.jpg 2048w\" sizes=\"(max-width: 300px) 100vw, 300px\" \/><\/figure>\n\n\n\n<p>Lundi 13 mai <strong><a href=\"http:\/\/calvaire-hugo.net\/?page_id=3280\"><span class=\"has-inline-color has-red-color\">Saint \u00c9milion<\/span><\/a><\/strong><\/p>\n\n\n\n<p>Mardi 14 mai <strong><a href=\"http:\/\/calvaire-hugo.net\/?page_id=3333\"><span class=\"has-inline-color has-red-color\">Bordeaux &#8211; Arcachon<\/span><\/a><\/strong><\/p>\n\n\n\n<p>Mercredi 15 mai <strong><a href=\"http:\/\/calvaire-hugo.net\/?page_id=3349\"><span class=\"has-inline-color has-red-color\">Ch\u00e2teau de Cazeneuve &#8211; Sauternes<\/span><\/a><\/strong><\/p>\n\n\n\n<p>Jeudi 16 mai <strong><a href=\"http:\/\/calvaire-hugo.net\/?page_id=3360\"><span class=\"has-inline-color has-red-color\">Toulouse &#8211; A\u00e9rospatiale<\/span><\/a><\/strong><\/p>\n\n\n\n<p>Vendredi 17 mai <strong><a href=\"http:\/\/calvaire-hugo.net\/?page_id=3377\"><span class=\"has-inline-color has-red-color\">Cordes &#8211; Albi<\/span><\/a><\/strong><\/p>\n\n\n\n<p>Samedi 18 mai <strong><a href=\"http:\/\/calvaire-hugo.net\/?page_id=3421\"><span class=\"has-inline-color has-red-color\">Toulouse &#8211; Canal du Midi<\/span><\/a><\/strong><\/p>\n","protected":false},"excerpt":{"rendered":"<p>Lundi 13 mai Saint \u00c9milion Mardi 14 mai Bordeaux &#8211; Arcachon Mercredi 15 mai Ch\u00e2teau de Cazeneuve &#8211; Sauternes Jeudi 16 mai Toulouse &#8211; A\u00e9rospatiale Vendredi 17 mai Cordes &#8211; Albi Samedi 18 mai Toulouse &#8211; Canal du Midi<\/p>\n","protected":false},"author":1,"featured_media":0,"parent":0,"menu_order":0,"comment_status":"closed","ping_status":"closed","template":"","meta":[],"_links":{"self":[{"href":"http:\/\/calvaire-hugo.net\/index.php?rest_route=\/wp\/v2\/pages\/3289"}],"collection":[{"href":"http:\/\/calvaire-hugo.net\/index.php?rest_route=\/wp\/v2\/pages"}],"about":[{"href":"http:\/\/calvaire-hugo.net\/index.php?rest_route=\/wp\/v2\/types\/page"}],"author":[{"embeddable":true,"href":"http:\/\/calvaire-hugo.net\/index.php?rest_route=\/wp\/v2\/users\/1"}],"replies":[{"embeddable":true,"href":"http:\/\/calvaire-hugo.net\/index.php?rest_route=%2Fwp%2Fv2%2Fcomments&post=3289"}],"version-history":[{"count":13,"href":"http:\/\/calvaire-hugo.net\/index.php?rest_route=\/wp\/v2\/pages\/3289\/revisions"}],"predecessor-version":[{"id":3881,"href":"http:\/\/calvaire-hugo.net\/index.php?rest_route=\/wp\/v2\/pages\/3289\/revisions\/3881"}],"wp:attachment":[{"href":"http:\/\/calvaire-hugo.net\/index.php?rest_route=%2Fwp%2Fv2%2Fmedia&parent=3289"}],"curies":[{"name":"wp","href":"https:\/\/api.w.org\/{rel}","templated":true}]}}

<figure class="wp-block-image size-medium"><img loading="lazy" width="300" height="253" src="http://calvaire-hugo.net/wp-content/uploads/2020/05/ABT-01-300x253.jpg" alt="" class="wp-image-3298" srcset="http://calvaire-hugo.net/wp-content/uploads/2020/05/ABT-01-300x253.jpg 300w, http://calvaire-hugo.net/wp-content/uploads/2020/05/ABT-01-964x812.jpg 964w, http://calvaire-hugo.net/wp-content/uploads/2020/05/ABT-01-768x647.jpg 768w, http://calvaire-hugo.net/wp-content/uploads/2020/05/ABT-01-1536x1294.jpg 1536w, http://calvaire-hugo.net/wp-content/uploads/2020/05/ABT-01-2048x1725.jpg 2048w" sizes="(max-width: 300px) 100vw, 300px" /></figure>



<p>Lundi 13 mai <strong><a href="http://calvaire-hugo.net/?page_id=3280"><span class="has-inline-color has-red-color">Saint Émilion</span></a></strong></p>



<p>Mardi 14 mai <strong><a href="http://calvaire-hugo.net/?page_id=3333"><span class="has-inline-color has-red-color">Bordeaux &#8211; Arcachon</span></a></strong></p>



<p>Mercredi 15 mai <strong><a href="http://calvaire-hugo.net/?page_id=3349"><span class="has-inline-color has-red-color">Château de Cazeneuve &#8211; Sauternes</span></a></strong></p>



<p>Jeudi 16 mai <strong><a href="http://calvaire-hugo.net/?page_id=3360"><span class="has-inline-color has-red-color">Toulouse &#8211; Aérospatiale</span></a></strong></p>



<p>Vendredi 17 mai <strong><a href="http://calvaire-hugo.net/?page_id=3377"><span class="has-inline-color has-red-color">Cordes &#8211; Albi</span></a></strong></p>



<p>Samedi 18 mai <strong><a href="http://calvaire-hugo.net/?page_id=3421"><span class="has-inline-color has-red-color">Toulouse &#8211; Canal du Midi</span></a></strong></p>

<p>Lundi 13 mai Saint Émilion Mardi 14 mai Bordeaux &#8211; Arcachon Mercredi 15 mai Château de Cazeneuve &#8211; Sauternes Jeudi 16 mai Toulouse &#8211; Aérospatiale Vendredi 17 mai Cordes &#8211; Albi Samedi 18 mai Toulouse &#8211; Canal du Midi</p>
