{"id":324,"date":"2020-04-24T03:08:19","date_gmt":"2020-04-24T01:08:19","guid":{"rendered":"http:\/\/calvaire-hugo.net\/?page_id=324"},"modified":"2020-05-01T00:26:15","modified_gmt":"2020-04-30T22:26:15","slug":"activites-physiques-et-de-bien-etre","status":"publish","type":"page","link":"http:\/\/calvaire-hugo.net\/?page_id=324","title":{"rendered":"Activit\u00e9s physiques et de bien \u00eatre"},"content":{"rendered":"\n<p class=\"has-text-color has-medium-font-size has-red-color\">S\u00e9lectionnez une activit\u00e9 dans le menu d\u00e9roulant<\/p>\n","protected":false},"excerpt":{"rendered":"<p>S\u00e9lectionnez une activit\u00e9 dans le menu d\u00e9roulant<\/p>\n","protected":false},"author":1,"featured_media":0,"parent":0,"menu_order":0,"comment_status":"closed","ping_status":"closed","template":"","meta":[],"_links":{"self":[{"href":"http:\/\/calvaire-hugo.net\/index.php?rest_route=\/wp\/v2\/pages\/324"}],"collection":[{"href":"http:\/\/calvaire-hugo.net\/index.php?rest_route=\/wp\/v2\/pages"}],"about":[{"href":"http:\/\/calvaire-hugo.net\/index.php?rest_route=\/wp\/v2\/types\/page"}],"author":[{"embeddable":true,"href":"http:\/\/calvaire-hugo.net\/index.php?rest_route=\/wp\/v2\/users\/1"}],"replies":[{"embeddable":true,"href":"http:\/\/calvaire-hugo.net\/index.php?rest_route=%2Fwp%2Fv2%2Fcomments&post=324"}],"version-history":[{"count":5,"href":"http:\/\/calvaire-hugo.net\/index.php?rest_route=\/wp\/v2\/pages\/324\/revisions"}],"predecessor-version":[{"id":4053,"href":"http:\/\/calvaire-hugo.net\/index.php?rest_route=\/wp\/v2\/pages\/324\/revisions\/4053"}],"wp:attachment":[{"href":"http:\/\/calvaire-hugo.net\/index.php?rest_route=%2Fwp%2Fv2%2Fmedia&parent=324"}],"curies":[{"name":"wp","href":"https:\/\/api.w.org\/{rel}","templated":true}]}}